{"id":213,"date":"2024-08-06T08:56:20","date_gmt":"2024-08-06T08:56:20","guid":{"rendered":"http:\/\/laptopbakimonarim.com\/?page_id=213"},"modified":"2024-08-06T09:02:35","modified_gmt":"2024-08-06T09:02:35","slug":"iletisim","status":"publish","type":"page","link":"http:\/\/laptopbakimonarim.com\/index.php\/iletisim\/","title":{"rendered":"\u0130LET\u0130\u015e\u0130M"},"content":{"rendered":"\n<div class=\"wp-block-columns is-layout-flex wp-container-core-columns-is-layout-9d6595d7 wp-block-columns-is-layout-flex\">\n<div class=\"wp-block-column is-layout-flow wp-block-column-is-layout-flow\" style=\"flex-basis:100%\">\n<div class=\"wp-block-contact-form-7-contact-form-selector\">\n<div class=\"wpcf7 no-js\" id=\"wpcf7-f154-o1\" lang=\"tr-TR\" dir=\"ltr\" data-wpcf7-id=\"154\">\n<div class=\"screen-reader-response\"><p role=\"status\" aria-live=\"polite\" aria-atomic=\"true\"><\/p> <ul><\/ul><\/div>\n<form action=\"\/index.php\/wp-json\/wp\/v2\/pages\/213#wpcf7-f154-o1\" method=\"post\" class=\"wpcf7-form init\" aria-label=\"\u0130leti\u015fim Formu\" novalidate=\"novalidate\" data-status=\"init\">\n<fieldset class=\"hidden-fields-container\"><input type=\"hidden\" name=\"_wpcf7\" value=\"154\" \/><input type=\"hidden\" name=\"_wpcf7_version\" value=\"6.1.5\" \/><input type=\"hidden\" name=\"_wpcf7_locale\" value=\"tr_TR\" \/><input type=\"hidden\" name=\"_wpcf7_unit_tag\" value=\"wpcf7-f154-o1\" \/><input type=\"hidden\" name=\"_wpcf7_container_post\" value=\"0\" \/><input type=\"hidden\" name=\"_wpcf7_posted_data_hash\" value=\"\" \/>\n<\/fieldset>\n<p><label> Ad\u0131n\u0131z<br \/>\n<span class=\"wpcf7-form-control-wrap\" data-name=\"your-name\"><input size=\"40\" maxlength=\"400\" class=\"wpcf7-form-control wpcf7-text wpcf7-validates-as-required\" autocomplete=\"name\" aria-required=\"true\" aria-invalid=\"false\" value=\"\" type=\"text\" name=\"your-name\" \/><\/span> <\/label>\n<\/p>\n<p><label> E-posta adresiniz<br \/>\n<span class=\"wpcf7-form-control-wrap\" data-name=\"your-email\"><input size=\"40\" maxlength=\"400\" class=\"wpcf7-form-control wpcf7-email wpcf7-validates-as-required wpcf7-text wpcf7-validates-as-email\" autocomplete=\"email\" aria-required=\"true\" aria-invalid=\"false\" value=\"\" type=\"email\" name=\"your-email\" \/><\/span> <\/label>\n<\/p>\n<p><label> Konu<br \/>\n<span class=\"wpcf7-form-control-wrap\" data-name=\"your-subject\"><input size=\"40\" maxlength=\"400\" class=\"wpcf7-form-control wpcf7-text wpcf7-validates-as-required\" aria-required=\"true\" aria-invalid=\"false\" value=\"\" type=\"text\" name=\"your-subject\" \/><\/span> <\/label>\n<\/p>\n<p><label> \u0130letiniz (tercihe ba\u011fl\u0131)<br \/>\n<span class=\"wpcf7-form-control-wrap\" data-name=\"your-message\"><textarea cols=\"40\" rows=\"10\" maxlength=\"2000\" class=\"wpcf7-form-control wpcf7-textarea\" aria-invalid=\"false\" name=\"your-message\"><\/textarea><\/span> <\/label>\n<\/p>\n<p><input class=\"wpcf7-form-control wpcf7-submit has-spinner\" type=\"submit\" value=\"G\u00f6nder\" \/>\n<\/p><p style=\"display: none !important;\" class=\"akismet-fields-container\" data-prefix=\"_wpcf7_ak_\"><label>&#916;<textarea name=\"_wpcf7_ak_hp_textarea\" cols=\"45\" rows=\"8\" maxlength=\"100\"><\/textarea><\/label><input type=\"hidden\" id=\"ak_js_1\" name=\"_wpcf7_ak_js\" value=\"154\"\/><script type=\"text\/javascript\">\n\/* <![CDATA[ *\/\ndocument.getElementById( \"ak_js_1\" ).setAttribute( \"value\", ( new Date() ).getTime() );\n\/* ]]> *\/\n<\/script>\n<\/p><div class=\"wpcf7-response-output\" aria-hidden=\"true\"><\/div>\n<\/form>\n<\/div>\n<\/div>\n<\/div>\n<\/div>\n\n\n\n<div><iframe src=\"https:\/\/maps.google.com\/maps?q=+Mehmet+Akif+Mah.+2.+%C5%9Eahin+Sk.+No%3A17%2FA+K%2C+34307+K%C3%BC%C3%A7%C3%BCk%C3%A7ekmece%2F%C4%B0stanbul&amp;z=12&amp;t=m&amp;output=embed\" style=\"border:0;height:300px;width:100%\"><\/iframe><\/div>\n","protected":false},"excerpt":{"rendered":"","protected":false},"author":1,"featured_media":0,"parent":0,"menu_order":5,"comment_status":"closed","ping_status":"closed","template":"","meta":{"footnotes":""},"class_list":["post-213","page","type-page","status-publish","hentry"],"yoast_head":"<!-- This site is optimized with the Yoast SEO plugin v27.5 - https:\/\/yoast.com\/product\/yoast-seo-wordpress\/ -->\n<title>\u0130LET\u0130\u015e\u0130M - NANO B\u0130LG\u0130 TEKNOLOJ\u0130LER\u0130<\/title>\n<meta name=\"robots\" content=\"index, follow, max-snippet:-1, max-image-preview:large, max-video-preview:-1\" \/>\n<link rel=\"canonical\" href=\"http:\/\/laptopbakimonarim.com\/index.php\/iletisim\/\" \/>\n<meta property=\"og:locale\" content=\"tr_TR\" \/>\n<meta property=\"og:type\" content=\"article\" \/>\n<meta property=\"og:title\" content=\"\u0130LET\u0130\u015e\u0130M - NANO B\u0130LG\u0130 TEKNOLOJ\u0130LER\u0130\" \/>\n<meta property=\"og:url\" content=\"http:\/\/laptopbakimonarim.com\/index.php\/iletisim\/\" \/>\n<meta property=\"og:site_name\" content=\"NANO B\u0130LG\u0130 TEKNOLOJ\u0130LER\u0130\" \/>\n<meta property=\"article:modified_time\" content=\"2024-08-06T09:02:35+00:00\" \/>\n<meta name=\"twitter:card\" content=\"summary_large_image\" \/>\n<script type=\"application\/ld+json\" class=\"yoast-schema-graph\">{\"@context\":\"https:\\\/\\\/schema.org\",\"@graph\":[{\"@type\":\"WebPage\",\"@id\":\"http:\\\/\\\/laptopbakimonarim.com\\\/index.php\\\/iletisim\\\/\",\"url\":\"http:\\\/\\\/laptopbakimonarim.com\\\/index.php\\\/iletisim\\\/\",\"name\":\"\u0130LET\u0130\u015e\u0130M - NANO B\u0130LG\u0130 TEKNOLOJ\u0130LER\u0130\",\"isPartOf\":{\"@id\":\"http:\\\/\\\/laptopbakimonarim.com\\\/#website\"},\"datePublished\":\"2024-08-06T08:56:20+00:00\",\"dateModified\":\"2024-08-06T09:02:35+00:00\",\"breadcrumb\":{\"@id\":\"http:\\\/\\\/laptopbakimonarim.com\\\/index.php\\\/iletisim\\\/#breadcrumb\"},\"inLanguage\":\"tr\",\"potentialAction\":[{\"@type\":\"ReadAction\",\"target\":[\"http:\\\/\\\/laptopbakimonarim.com\\\/index.php\\\/iletisim\\\/\"]}]},{\"@type\":\"BreadcrumbList\",\"@id\":\"http:\\\/\\\/laptopbakimonarim.com\\\/index.php\\\/iletisim\\\/#breadcrumb\",\"itemListElement\":[{\"@type\":\"ListItem\",\"position\":1,\"name\":\"Anasayfa\",\"item\":\"http:\\\/\\\/laptopbakimonarim.com\\\/\"},{\"@type\":\"ListItem\",\"position\":2,\"name\":\"\u0130LET\u0130\u015e\u0130M\"}]},{\"@type\":\"WebSite\",\"@id\":\"http:\\\/\\\/laptopbakimonarim.com\\\/#website\",\"url\":\"http:\\\/\\\/laptopbakimonarim.com\\\/\",\"name\":\"NANO B\u0130LG\u0130 TEKNOLOJ\u0130LER\u0130\",\"description\":\"LOGO &amp; D\u0130A YETK\u0130L\u0130 \u0130\u015e ORTA\u011eI\",\"publisher\":{\"@id\":\"http:\\\/\\\/laptopbakimonarim.com\\\/#organization\"},\"potentialAction\":[{\"@type\":\"SearchAction\",\"target\":{\"@type\":\"EntryPoint\",\"urlTemplate\":\"http:\\\/\\\/laptopbakimonarim.com\\\/?s={search_term_string}\"},\"query-input\":{\"@type\":\"PropertyValueSpecification\",\"valueRequired\":true,\"valueName\":\"search_term_string\"}}],\"inLanguage\":\"tr\"},{\"@type\":\"Organization\",\"@id\":\"http:\\\/\\\/laptopbakimonarim.com\\\/#organization\",\"name\":\"NANO B\u0130LG\u0130 TEKNOLOJ\u0130LER\u0130\",\"url\":\"http:\\\/\\\/laptopbakimonarim.com\\\/\",\"logo\":{\"@type\":\"ImageObject\",\"inLanguage\":\"tr\",\"@id\":\"http:\\\/\\\/laptopbakimonarim.com\\\/#\\\/schema\\\/logo\\\/image\\\/\",\"url\":\"http:\\\/\\\/laptopbakimonarim.com\\\/wp-content\\\/uploads\\\/2024\\\/07\\\/logom.png\",\"contentUrl\":\"http:\\\/\\\/laptopbakimonarim.com\\\/wp-content\\\/uploads\\\/2024\\\/07\\\/logom.png\",\"width\":322,\"height\":133,\"caption\":\"NANO B\u0130LG\u0130 TEKNOLOJ\u0130LER\u0130\"},\"image\":{\"@id\":\"http:\\\/\\\/laptopbakimonarim.com\\\/#\\\/schema\\\/logo\\\/image\\\/\"}}]}<\/script>\n<!-- \/ Yoast SEO plugin. -->","yoast_head_json":{"title":"\u0130LET\u0130\u015e\u0130M - NANO B\u0130LG\u0130 TEKNOLOJ\u0130LER\u0130","robots":{"index":"index","follow":"follow","max-snippet":"max-snippet:-1","max-image-preview":"max-image-preview:large","max-video-preview":"max-video-preview:-1"},"canonical":"http:\/\/laptopbakimonarim.com\/index.php\/iletisim\/","og_locale":"tr_TR","og_type":"article","og_title":"\u0130LET\u0130\u015e\u0130M - NANO B\u0130LG\u0130 TEKNOLOJ\u0130LER\u0130","og_url":"http:\/\/laptopbakimonarim.com\/index.php\/iletisim\/","og_site_name":"NANO B\u0130LG\u0130 TEKNOLOJ\u0130LER\u0130","article_modified_time":"2024-08-06T09:02:35+00:00","twitter_card":"summary_large_image","schema":{"@context":"https:\/\/schema.org","@graph":[{"@type":"WebPage","@id":"http:\/\/laptopbakimonarim.com\/index.php\/iletisim\/","url":"http:\/\/laptopbakimonarim.com\/index.php\/iletisim\/","name":"\u0130LET\u0130\u015e\u0130M - NANO B\u0130LG\u0130 TEKNOLOJ\u0130LER\u0130","isPartOf":{"@id":"http:\/\/laptopbakimonarim.com\/#website"},"datePublished":"2024-08-06T08:56:20+00:00","dateModified":"2024-08-06T09:02:35+00:00","breadcrumb":{"@id":"http:\/\/laptopbakimonarim.com\/index.php\/iletisim\/#breadcrumb"},"inLanguage":"tr","potentialAction":[{"@type":"ReadAction","target":["http:\/\/laptopbakimonarim.com\/index.php\/iletisim\/"]}]},{"@type":"BreadcrumbList","@id":"http:\/\/laptopbakimonarim.com\/index.php\/iletisim\/#breadcrumb","itemListElement":[{"@type":"ListItem","position":1,"name":"Anasayfa","item":"http:\/\/laptopbakimonarim.com\/"},{"@type":"ListItem","position":2,"name":"\u0130LET\u0130\u015e\u0130M"}]},{"@type":"WebSite","@id":"http:\/\/laptopbakimonarim.com\/#website","url":"http:\/\/laptopbakimonarim.com\/","name":"NANO B\u0130LG\u0130 TEKNOLOJ\u0130LER\u0130","description":"LOGO &amp; D\u0130A YETK\u0130L\u0130 \u0130\u015e ORTA\u011eI","publisher":{"@id":"http:\/\/laptopbakimonarim.com\/#organization"},"potentialAction":[{"@type":"SearchAction","target":{"@type":"EntryPoint","urlTemplate":"http:\/\/laptopbakimonarim.com\/?s={search_term_string}"},"query-input":{"@type":"PropertyValueSpecification","valueRequired":true,"valueName":"search_term_string"}}],"inLanguage":"tr"},{"@type":"Organization","@id":"http:\/\/laptopbakimonarim.com\/#organization","name":"NANO B\u0130LG\u0130 TEKNOLOJ\u0130LER\u0130","url":"http:\/\/laptopbakimonarim.com\/","logo":{"@type":"ImageObject","inLanguage":"tr","@id":"http:\/\/laptopbakimonarim.com\/#\/schema\/logo\/image\/","url":"http:\/\/laptopbakimonarim.com\/wp-content\/uploads\/2024\/07\/logom.png","contentUrl":"http:\/\/laptopbakimonarim.com\/wp-content\/uploads\/2024\/07\/logom.png","width":322,"height":133,"caption":"NANO B\u0130LG\u0130 TEKNOLOJ\u0130LER\u0130"},"image":{"@id":"http:\/\/laptopbakimonarim.com\/#\/schema\/logo\/image\/"}}]}},"_links":{"self":[{"href":"http:\/\/laptopbakimonarim.com\/index.php\/wp-json\/wp\/v2\/pages\/213","targetHints":{"allow":["GET"]}}],"collection":[{"href":"http:\/\/laptopbakimonarim.com\/index.php\/wp-json\/wp\/v2\/pages"}],"about":[{"href":"http:\/\/laptopbakimonarim.com\/index.php\/wp-json\/wp\/v2\/types\/page"}],"author":[{"embeddable":true,"href":"http:\/\/laptopbakimonarim.com\/index.php\/wp-json\/wp\/v2\/users\/1"}],"replies":[{"embeddable":true,"href":"http:\/\/laptopbakimonarim.com\/index.php\/wp-json\/wp\/v2\/comments?post=213"}],"version-history":[{"count":2,"href":"http:\/\/laptopbakimonarim.com\/index.php\/wp-json\/wp\/v2\/pages\/213\/revisions"}],"predecessor-version":[{"id":217,"href":"http:\/\/laptopbakimonarim.com\/index.php\/wp-json\/wp\/v2\/pages\/213\/revisions\/217"}],"wp:attachment":[{"href":"http:\/\/laptopbakimonarim.com\/index.php\/wp-json\/wp\/v2\/media?parent=213"}],"curies":[{"name":"wp","href":"https:\/\/api.w.org\/{rel}","templated":true}]}}